mmon divisor of m and w.
1
Let r be ((-7164)/(-1990))/((-1)/(-195)). What is the greatest common divisor of r and 108?
54
Let s(j) = 3*j - 1. Let z be s(1). Let o = -1368 - -557. Let i = o - -821. Calculate the greatest common divisor of i and z.
2
Let f(q) = -9*q - 23. Let y be f(-2). Let h(t) = -t**3 - 4*t**2 + 2*t - 8. Let i be h(y). What is the highest common factor of 7 and i?
7
Let t = -88 - -92. Let v(o) = 30*o - 30. Let c be v(t). What is the highest common factor of 10 and c?
10
Suppose c = z - 0*z - 374, -5*z = -c - 1866. Let u = z + 379. Calculate the highest common factor of u and 47.
47
Suppose -27 = -f - 5*h, -h + 5 = -f + 8. Suppose -2*w + 160 = -2*l, -285 = 3*w - f*w - 3*l. What is the highest common divisor of 5 and w?
5
Suppose -v - 3*v = 0. Let n be (v - -2) + (-2 - -96). Let a(z) = 1401*z + 51861. Let t be a(-37). What is the highest common factor of t and n?
24
Suppose -2*d - 4*f + 2224 = 0, 4*d = 24*f - 25*f + 4490. Calculate the greatest common divisor of 5339 and d.
281
Let r = 113 - 111. Let c = 4 - r. Let y be (-2 - c) + 176/4. What is the highest common factor of y and 30?
10
Suppose 64*q - 60*q + 4*l = 1976, -5*l = 2*q - 985. Calculate the highest common divisor of 144 and q.
9
Suppose -8 = -7*n + 5*n. Let r = 4 - n. Let l be (33 - r)/((-3)/(-11)). What is the greatest common factor of 11 and l?
11
Suppose -3*b + 99 = p, 2*b + 0 = 6. Let o(y) = 3*y**3 - 66*y**2 + 367*y - 1240. Let k be o(16). What is the highest common divisor of k and p?
6
Suppose 3*d + 1533 = 2*j, -33 + 18 = 3*d. Calculate the greatest common factor of j and 33.
33
Let c(r) = r**2 + 34*r - 86. Let s be c(-39). Suppose 102*d = s*d - 2352. Calculate the highest common factor of d and 84.
84
Suppose 535*d = 519*d + 4400. Let z = 27 + -2. Calculate the highest common factor of z and d.
25
Let v be 1590/(-954) - ((-93095)/3 - (3 + -2)). Calculate the highest common divisor of 93 and v.
31
Let j(q) = q**3 - 7*q**2 + 2*q + 10. Let g be j(7). Let w = g - -3. Calculate the greatest common factor of 9 and w.
9
Let z be 36 - 1 - (2 - -2). Suppose 37 - z = 3*t. Suppose -3*p = t*v - 137, p - v = 3*p - 91. What is the highest common divisor of p and 15?
15
Let y(s) = 2901*s + 509. Let v be y(1). Calculate the highest common factor of 155 and v.
155
Suppose -3152*y = -3143*y - 6840. Calculate the greatest common divisor of 40 and y.
40
Let s = -16 - -21. Suppose -3*x - 72 = -s*c, 5*x + 10 + 10 = 0. Suppose c*o = 13 + 11. What is the greatest common factor of o and 22?
2
Suppose 5*c - 8 = -5*l + 17, -4*l + 11 = c. Let h be 5*13/(13/(-6)). Let m = -15 - h. Calculate the greatest common factor of m and c.
3
Let t(u) = 19*u**2 - 4*u - 5. Let a be t(-1). Suppose 4*j - 59*x + 58*x = 38, 3*j + x - 25 = 0. Calculate the highest common divisor of j and a.
9
Let u(w) = 1 - 3*w - 3 + 4 - w. Let l be u(0). Suppose -4*i + o - 52 = -8*i, 0 = -l*o. Calculate the highest common divisor of 1 and i.
1
Let g = -30 + 97. Suppose -x = -2*k - 38, 123 = 5*x - 2*k - g. What is the greatest common divisor of x and 152?
38
Suppose 0 = -3*r + 9923 - 956. What is the greatest common divisor of r and 49?
49
Let g(l) = -327*l - 3345. Let u be g(-11). What is the greatest common factor of u and 189?
63
Suppose 5*a + 5 = 0, 2*f = 3*f + a + 1. Suppose 2*m + 6 = f, -3*k - m = -626 + 122. What is the greatest common divisor of k and 39?
13
Suppose -2*v = -4*p - 202, -34*v = -32*v + 3*p - 265. What is the highest common divisor of 23 and v?
1
Let r be (-2)/3 + (-1)/(-3)*17. Suppose o + 0*o + 145 = -r*b, -4*o - 58 = 2*b. Let p = 37 - b. What is the highest common factor of 6 and p?
6
Suppose 0 = -s - 4 - 0. Let q be (-1 - 69/s) + (-7)/28. Suppose 2*u = -5*g - 8, 0*u + 2*g - q = -4*u. Calculate the greatest common factor of 12 and u.
6
Let u(p) = p**3 - 29*p**2 - 68*p + 316. Let m be u(31). Calculate the greatest common factor of m and 18.
2
Suppose 0*d + 111 = 3*d. Let n be (9/5)/((-2)/(-10)). Suppose -34*j - n = -d*j. What is the highest common factor of j and 15?
3
Let j = 5295 + -9090. Let q be 4/22 + 23/(j/(-2610)). Calculate the highest common factor of q and 152.
8
Let x = -83 + 251. Suppose -x = 3*t - 9*t. Let j(v) = 5*v**2 - v - 4. Let f be j(8). What is the highest common divisor of t and f?
28
Suppose 9*f = 7*f + 2*z + 18, -3*z = -5*f + 37. Calculate the highest common factor of 245 and f.
5
Let j(x) = -64*x + 1684. Let q be j(18). What is the highest common factor of 1729 and q?
133
Let n(w) = -5*w + 3 + 4*w - 1 - 4. Let a be n(-7). Suppose 4*f = -f + 225. What is the highest common factor of a and f?
5
Let v be (-9)/((-9)/(-4)) + -1347. Let z = -887 - v. Calculate the greatest common divisor of 58 and z.
58
Let q(w) = -7*w + 3 + 0 + 2 - 7. Let m be q(7). Let t be m/(-34)*16/6. Calculate the greatest common divisor of t and 32.
4
Let x = 107 + -9. Let y = -642 - -644. Calculate the highest common divisor of y and x.
2
Let m = 491 + -487. Suppose 0 = 2*l + m, 0 = -5*o - 2*l + 19 - 3. Calculate the greatest common factor of 29 and o.
1
Suppose 10*u - 5*u = -15, -5*f + 4*u = -572. Suppose 9*j - 5*y - 34 = 8*j, 0 = -5*j - 4*y + f. Calculate the highest common factor of j and 108.
12
Let y = 1784 + -1769. Calculate the highest common divisor of y and 3615.
15
Suppose 0 = 26*v - 23*v - 3*m - 30852, -v - 2*m = -10260. Calculate the greatest common factor of v and 28.
28
Suppose -165*o = -162*o + 6, 0 = 4*s - 3*o - 66. Suppose -5*k + 5 = -10. What is the greatest common divisor of s and k?
3
Let a(z) = 30*z - 182. Let j be a(9). Calculate the greatest common divisor of 128 and j.
8
Let p = -8160 + 12929. Calculate the greatest common factor of p and 19.
19
Let l(m) = -74*m - 562. Let a be l(-8). Calculate the highest common divisor of a and 192.
6
Let d = 0 + 0. Suppose -g = y + y - 41, d = -5*y + 15. Suppose 2*n = 3*n - 14. What is the highest common divisor of n and g?
7
Suppose -8*j - 4 + 28 = 0. Let p be j*(5/1 - -55). Suppose 5*v = 11*v - p. What is the highest common divisor of v and 90?
30
Let b = 290 - 177. Suppose -b = -5*h - 2*y, -3*h + 4*y = 3*y - 59. Let i(m) = -4*m - 2. Let x be i(-4). What is the highest common factor of h and x?
7
Let z = 6838 - 6768. What is the greatest common divisor of 2695 and z?
35
Let t(l) = -9*l**3 + 99*l**2 + 5*l - 22. Let b be t(11). Calculate the greatest common divisor of b and 2673.
33
Let n = 0 - -85. Suppose n*z = 86*z - 2. Suppose -y - m = -58, y + 2*m + z*m = 52. What is the highest common factor of y and 20?
20
Let k = 460 - 124. Suppose 3*d - 1128 = k. Let m be (-4)/(-6) - (d/(-6) + 1). What is the highest common divisor of 54 and m?
27
Let a be (17/((-136)/(-256)))/((-2)/(-3)). What is the greatest common factor of a and 152?
8
Let f(o) = -o**2 + 87*o + 27. Let y be f(62). Calculate the greatest common divisor of y and 249.
83
Suppose -29*k + 24*k = 0, 3*l + k = 345. Let t = 385 - l. What is the highest common factor of t and 30?
30
Let x be (16 - (-522)/(-6))*-1. Let p = -37 - -250. Calculate the highest common factor of x and p.
71
Let m(s) = 36*s**2 + 3*s - 2. Let f be m(1). Let o be (148/8)/((-2)/(12/(-3))). Calculate the greatest common divisor of f and o.
37
Let p(r) = -92*r + 70. Let c be p(-5). What is the highest common divisor of 1378 and c?
106
Suppose 2*x - 22*z - 3316 = -25*z, 0 = -x - 4*z + 1673. What is the greatest common divisor of 194 and x?
97
Suppose 590 = 72*c - 1858. Calculate the highest common divisor of c and 782.
34
Let j be (-3)/((-12)/496) + -2. Let a(r) = 6*r**2 + 5*r - 8. Let m be a(-6). Let g = m - j. What is the greatest common divisor of 8 and g?
8
Let o(y) = 3*y + 81*y**2 - 8 - 6*y - 80*y**2. Let j be o(6). Calculate the greatest common factor of j and 80.
10
Suppose -17*k = -10*k - 182. Suppose 0 = 4*g - k*g + 4312. Calculate the highest common divisor of 147 and g.
49
Let w = -8945 - -13745. What is the highest common factor of 192 and w?
192
Let i = 28 + -6. Suppose 0 = -s + 2 - 3, -d + s = -i. Let w = -15 + d. Calculate the greatest common factor of 15 and w.
3
Let h be (4482/72 - 16) + -6 + (-2)/8. Let k be -58*(1 + 2/(-4)). Let r = k + 45. Calculate the greatest common divisor of h and r.
8
Suppose 5*u + 5*i = 9*i + 2382, 4*u - 4*i = 1908. Suppose 0 = 3*p + 4*x - 300, 5*p - x - x = u. What is the hig